22848. What is the hundreds digit of u?
3
Let o(c) = 14*c + 32. What is the units digit of o(14)?
8
Let z(h) = -122*h - 765. What is the tens digit of z(-11)?
7
Let w = -110 + 111. What is the tens digit of 2 + -6 - ((-242 - w) + 2)?
3
Let p be ((-4)/(-5))/(2/5) - -65. Let q = p + 21. What is the tens digit of q?
8
Suppose 0 = -0*l + 4*l - 5*o + 12, -3*l - 10 = -4*o. Let w(j) = 6*j**3 - 5*j**3 + j**2 - 2*j + 3*j**3. What is the tens digit of w(l)?
3
Let o(w) = 3*w**2 + 2*w + 1. Let b be o(-1). Suppose -4 = -b*p - 2*p. Let q = 4 - p. What is the units digit of q?
3
Let m be 16/10 + (-18)/(-45). Suppose 0 = -3*l + 2*o - 6, 0 = -0*l - l + 5*o - m. Let h = l - -17. What is the units digit of h?
5
Let r(y) = y**3 + 4*y**2 - 4*y + 7. What is the tens digit of r(5)?
1
Suppose 3*a + 0*a = -102. Let v = a - -55. What is the units digit of v?
1
Let w = 1777 - -250. What is the tens digit of w?
2
Let d = -40 - -118. What is the units digit of d?
8
Let n = 560 + -387. Let k = 275 - n. What is the units digit of k?
2
Let f(k) = 1 + 3*k**2 + 8 + k - 5. What is the tens digit of f(-3)?
2
Suppose 5873 = 13*o - 81. What is the tens digit of o?
5
Let h(a) be the second derivative of a**4/12 + 5*a**3/6 + 7*a**2/2 - 4*a. Suppose 10 = 2*j + 4*q, -3*j - 6 + 16 = 5*q. What is the units digit of h(j)?
7
Let d(t) = 100*t + 4. Let b be d(5). Suppose 5*m = 116 + b. Suppose -4*a - a - 93 = -3*u, -4*u - 2*a = -m. What is the units digit of u?
1
Suppose -19*x + 24064 = 13*x. What is the units digit of x?
2
Let x(i) be the third derivative of -i**6/120 + 7*i**5/60 - 5*i**4/24 - i**3 - 7*i**2. Let j be (5/(-4))/((-3)/12). What is the units digit of x(j)?
9
Let j be (1 - -1) + 301 + 4. Let t = 849 - j. What is the tens digit of (-8)/(-28) + t/14?
3
Let g = 6361 - 3654. What is the units digit of g?
7
Let g(h) = 72*h**2 - 7*h - 17. What is the units digit of g(-3)?
2
Suppose -p - 3*h + 933 = p, 2*p - h - 937 = 0. What is the hundreds digit of p?
4
Let g = -18 - -9. Let c(p) = p**3 + 8*p**2 - 13*p - 12. What is the tens digit of c(g)?
2
Let a(w) = 20*w + 12 - 11*w - 11*w. Let b be a(8). What is the units digit of 20/6 + b/(-6)?
4
Let p be -1 + (-15)/(-13) - 4464/117. What is the units digit of (p - 5)/((-3)/6)?
6
Let s(o) = -6 + 2*o - 9*o**2 + 4*o**2 - 6*o**2. Let z(k) = -5*k**2 + k - 3. Let g(a) = 4*s(a) - 9*z(a). What is the units digit of g(6)?
3
Let g(b) = -b - 5. Let f = -26 - -23. Let o be g(f). What is the tens digit of 1/(o + 369/183)?
6
Suppose -5*n + 2806 = -2*i - 0*i, 2*n - 3*i = 1129. What is the hundreds digit of n?
5
Suppose 0 = -n + 8 + 1. Suppose 0 = -5*g + n*g - 1312. Suppose 2*j - 2*x - g = -2*j, -4*x = -4*j + 336. What is the tens digit of j?
8
Suppose -4*u + 6 = c, u + u + 46 = 3*c. What is the tens digit of 16*6/c*28?
9
Let k(u) be the second derivative of -u - 3/2*u**2 + 0 - 1/12*u**4 - 7/6*u**3. What is the units digit of k(-6)?
3
Suppose 2 = -o - 6. Let c = 13 + o. Suppose a + 0 = -c*b + 2, 4*a - 71 = b. What is the tens digit of a?
1
What is the units digit of (-7176)/(-10) + (-66)/110?
7
Suppose -5*a = 20 - 70. Let u = 8 + a. Suppose 2*p = 62 - u. What is the tens digit of p?
2
What is the units digit of 16/40 - 458/(-5)?
2
Suppose l = -y - 14 - 2, -31 = 2*y + 3*l. Let q = y - -19. Suppose -c - q*x + 17 = -5*x, -3 = c + x. What is the units digit of c?
2
Let z be (10 - 212 - -1*1)/1. Let j = -28 - z. What is the hundreds digit of j?
1
Let o(r) = r**3 - 11*r**2 + 10*r + 4. Let b be o(10). Suppose 4*t = b*y - 60, 4*y - 51 = -5*t + 36. What is the tens digit of y?
1
Let u = -38 + 128. Let q = -48 + u. Suppose -3*m = -0*m - q. What is the units digit of m?
4
Suppose -2010 + 8898 = 12*g. What is the hundreds digit of g?
5
Let h(i) = i**3 - 2*i**2 + i + 4. Let t be h(0). Suppose -t*b + 2*u + 327 - 23 = 0, -12 = 3*u. What is the units digit of b?
4
Let l = -144 + 804. What is the tens digit of l?
6
Let y = 293 + -173. What is the hundreds digit of (23/3)/((-116)/y + 1)?
2
Let r = 518 - 26. What is the hundreds digit of r?
4
Suppose -22*q = -27*q + 15. Suppose q*a + 4*t - 653 = 0, 5*a - a = 4*t + 908. What is the units digit of a?
3
Suppose 4*y + y - 1755 = 0. What is the hundreds digit of y?
3
Let u = -29 + 34. Suppose -362 = -0*q - q - u*m, 0 = -2*q - 5*m + 749. What is the tens digit of q/7 + 14/(-49)?
5
Suppose 5*f + 160 = -2*s, -7 = 5*s - 2*f + 393. Let r be 3/(2/(s/(-12))). Let h = 14 + r. What is the tens digit of h?
2
Let k = 5991 - 2127. What is the hundreds digit of k?
8
Let q be 21/(-28) + (-502)/(-8). Suppose -q = -m - 44. What is the tens digit of m?
1
Let g(k) = -3*k**3 - 4*k**2 - 2*k + 4. Suppose 28 = -6*t + 10. What is the units digit of g(t)?
5
Let p be (-5)/(-2)*(-1 - -21). Let o(i) = i**3 - 10*i**2 + 8*i - 6. Let u be o(9). Let z = u + p. What is the tens digit of z?
3
Suppose -2*l + 5*j + 1 = 0, -2*j + 6 = -5*l + l. Let d be -5 + 2 - (l + -6). Let g = d - -3. What is the units digit of g?
8
Let s(z) be the third derivative of -z**7/5040 + 11*z**6/720 + z**5/10 + 5*z**2. Let c(l) be the third derivative of s(l). What is the tens digit of c(0)?
1
Suppose -f + 4*f = 2*k - 23, -5*f = -4*k + 41. Suppose k*d - 36 = 4*r, 5*d + r + 4*r - 5 = 0. What is the units digit of d?
5
Suppose -14*x + 8308 = -9752. What is the hundreds digit of x?
2
Suppose 0*k - 4*x + 152 = 2*k, -5*k + 4*x + 450 = 0. Let t = 164 - k. What is the units digit of t?
8
Let c(g) be the first derivative of g**4/2 - 5*g**3/3 + g**2 + 3*g - 39. What is the units digit of c(3)?
8
What is the units digit of 40/14*(31 - (-10 - -6))?
0
Let h = 632 + 1511. What is the hundreds digit of h?
1
Suppose -3 - 4 = -d. Suppose n - 13 = -3*i - 0*i, -i + n = -d. Suppose i*l = -3*q - 4 + 1, 5*l = -4*q + 1. What is the units digit of q?
4
Let c = -7 - -12. Suppose 4*n + 33 = 3*d, -15 = 4*n - 2*d + c*d. What is the units digit of (93/n)/(2/(-4))?
1
Let h(b) = -6*b - 1. Let s be h(-1). Suppose s*f = 6*f - 41. What is the tens digit of f?
4
Let f = 137 + -85. Let u = f + 59. What is the tens digit of u?
1
Let c(s) = s**2 - s - 6. What is the hundreds digit of c(22)?
4
Let g(s) = 2*s**2 + 15*s + 5. Let x(w) = -w**2 - 7*w. Let h(u) = -2*g(u) - 5*x(u). Suppose 3*p = -4*y + 8, 4*y - 22 = p + 2. What is the tens digit of h(y)?
4
Let c be (-9 + 12)*(-1112)/(-6). What is the tens digit of -3*c/6*(-1)/2?
3
Let z = -17 - -29. Suppose 0*j = 4*j - 2*v + 8, 3*v - z = 0. Suppose 0 = -j*p - 4*p + 32. What is the units digit of p?
8
Let a = 30 - 19. Suppose 9*u = a*u - 8. Suppose 12 + 76 = u*f. What is the units digit of f?
2
Suppose 9*d = 4*d - 10, 5846 = l + d. What is the hundreds digit of l?
8
Let q(g) = 4*g**2 - 6 - 5*g**2 + 6*g**2 - 2*g + 7*g. Let n be q(-5). Let u = n - 50. What is the tens digit of u?
4
Suppose 0 = -3*g, 20855 = 2*d + 3*d - 5*g. What is the units digit of d?
1
Let p(q) be the third derivative of q**4/24 + 25*q**3/6 - q**2. Let b be p(-14). Let n(t) = -t**3 + 12*t**2 - 8*t - 16. What is the units digit of n(b)?
7
Let r(l) = -10*l**2 + 4*l - 9. Let a(i) = 30*i**2 - 13*i + 26. Let o(u) = 3*a(u) + 8*r(u). What is the tens digit of o(3)?
7
Let c = 26 - 14. What is the units digit of c?
2
Let r be (1 - -73) + 13/(78/12). Let t = 172 - r. What is the units digit of t?
6
Let j = 465 + -326. What is the units digit of j?
9
Suppose 3*o + 1 = 4, 2*o = 4*p - 18. Let u be (12/8)/(1/66). Suppose -4*n - 5*s + 81 = -4*s, 0 = -p*n - 2*s + u. What is the tens digit of n?
2
Suppose -v - 95 = 4*v. Let x = v - -35. What is the tens digit of x?
1
Let z = -37 - -36. What is the tens digit of (-234)/(-12)*(1 - z)?
3
Let o = -53 + 56. Suppose -239 = -o*v + 307. What is the tens digit of v?
8
Suppose -3*u = -2*j - 13107, u - 5*u + j + 17471 = 0. What is the units digit of u?
7
Let h(q) be the second derivative of -q**5/20 + q**4/6 - q**3/3 + q. Let l be h(2). What is the units digit of (-9)/18 + (-150)/l?
7
Suppose -x = 5*g - 227, 3*g + 369 + 111 = 2*x. What is the units digit of x?
7
Let r = 570 - 238. What is the units digit of r?
2
Let p(f) = 10*f**2 + 5*f - 2. Let n = -19 - -25. Suppose r - 4*r = -n. What is the units digit of p(r)?
8
Let u(n) = -7*n - 80. What is the hundreds digit of u(-31)?
1
Suppose 3*t + 28 = 2*a, -a + 43 = 2*a - 4*t. Let u be 12/(-54) + (-38)/(-9). Let c = u + a. What is the units digi